88 and 1048564.
44
What is the greatest common factor of 10 and 33600?
10
What is the highest common divisor of 380 and 2200?
20
Calculate the greatest common factor of 1413 and 285269.
157
What is the highest common divisor of 15918 and 63?
21
Calculate the greatest common divisor of 4648 and 86984.
664
What is the highest common divisor of 27920 and 1280?
80
Calculate the highest common factor of 124 and 38161.
31
Calculate the greatest common divisor of 1233 and 100284.
411
Calculate the greatest common divisor of 84 and 14476.
28
What is the highest common factor of 6462 and 216?
18
Calculate the greatest common divisor of 9100 and 25200.
700
Calculate the greatest common factor of 364112 and 392.
56
What is the greatest common divisor of 15 and 47850?
15
Calculate the greatest common divisor of 2104 and 106778.
526
What is the highest common divisor of 864 and 6368?
32
What is the greatest common factor of 1334 and 128296?
58
Calculate the greatest common factor of 1612 and 18005.
13
What is the highest common divisor of 22860 and 180?
180
Calculate the highest common factor of 78500 and 12874.
314
Calculate the greatest common divisor of 76992 and 800.
32
Calculate the greatest common divisor of 19389 and 138.
69
Calculate the greatest common factor of 38752 and 308.
28
What is the highest common factor of 216 and 10944?
72
Calculate the highest common factor of 245803 and 323.
323
Calculate the greatest common factor of 35845 and 4355.
335
Calculate the highest common factor of 220570 and 28.
14
Calculate the greatest common divisor of 833423 and 214.
107
What is the highest common factor of 34 and 575892?
34
What is the greatest common divisor of 1787380 and 476?
476
Calculate the highest common factor of 70707 and 9657.
111
Calculate the greatest common divisor of 153671 and 203.
203
Calculate the highest common divisor of 17557 and 1649.
97
What is the highest common divisor of 1325 and 29525?
25
What is the highest common divisor of 24 and 29912?
8
Calculate the highest common divisor of 447781 and 2561.
197
What is the highest common factor of 4536 and 34911?
81
What is the highest common factor of 16590 and 1050?
210
What is the highest common divisor of 749 and 917?
7
Calculate the greatest common divisor of 367 and 1063566.
367
What is the greatest common factor of 123964 and 4964?
68
What is the highest common divisor of 11 and 2365704?
11
Calculate the greatest common divisor of 23 and 467.
1
What is the greatest common divisor of 2051 and 400531?
293
What is the highest common divisor of 32654 and 58?
58
Calculate the highest common factor of 66 and 2916.
6
Calculate the highest common divisor of 240162 and 1170.
78
Calculate the highest common divisor of 50732 and 341.
11
Calculate the highest common factor of 565788 and 12.
12
Calculate the greatest common factor of 7 and 34923.
7
Calculate the greatest common divisor of 49329 and 736533.
1701
Calculate the greatest common factor of 61129 and 5.
1
Calculate the highest common divisor of 70 and 79770.
10
What is the highest common divisor of 21868 and 693?
77
Calculate the highest common divisor of 6821 and 988.
19
What is the greatest common divisor of 14192 and 8192?
16
Calculate the highest common factor of 11742 and 1482.
114
What is the greatest common factor of 1640198 and 56?
14
What is the highest common factor of 5005 and 4290?
715
What is the highest common divisor of 1968887 and 634?
317
What is the highest common factor of 945 and 21945?
105
What is the highest common factor of 612 and 196452?
612
Calculate the greatest common factor of 2331 and 2997.
333
Calculate the greatest common factor of 368 and 64.
16
Calculate the greatest common factor of 174 and 37178.
58
Calculate the highest common divisor of 16102 and 1358.
194
What is the highest common divisor of 170 and 608600?
170
Calculate the highest common divisor of 1343 and 23613.
17
Calculate the greatest common factor of 227 and 140059.
227
What is the highest common divisor of 11340 and 3654?
126
Calculate the highest common divisor of 441 and 35658.
63
Calculate the greatest common factor of 19965 and 25.
5
What is the greatest common divisor of 29580 and 161160?
1020
What is the highest common factor of 176 and 348304?
176
Calculate the highest common factor of 1272 and 32.
8
What is the greatest common factor of 20075 and 88?
11
Calculate the highest common divisor of 2346 and 3726.
138
Calculate the highest common divisor of 150921 and 369.
369
What is the greatest common factor of 774 and 5074?
86
What is the greatest common divisor of 183334 and 186?
62
Calculate the greatest common divisor of 634823 and 2737.
161
Calculate the highest common divisor of 93248 and 329.
47
Calculate the greatest common divisor of 16181 and 286.
11
Calculate the greatest common divisor of 310644 and 36.
36
What is the greatest common factor of 10857730 and 52?
26
Calculate the highest common factor of 9080 and 221779.
227
Calculate the highest common factor of 17 and 190111.
17
What is the greatest common factor of 3890 and 13690?
10
What is the highest common factor of 1246 and 101460?
178
What is the greatest common factor of 733305 and 30?
15
Calculate the greatest common divisor of 17262 and 154.
14
Calculate the highest common factor of 14170 and 24830.
130
Calculate the highest common factor of 219374 and 1004.
502
Calculate the highest common divisor of 7 and 69709.
1
What is the highest common factor of 376 and 57622?
94
What is the greatest common divisor of 252 and 304948?
28
What is the greatest common divisor of 12875 and 309?
103
Calculate the greatest common divisor of 726 and 4224.
66
What is the greatest common factor of 520 and 9685?
65
Calculate the highest common factor of 134469 and 4824.
603
What is the highest common divisor of 66 and 12892?
22
Calculate the greatest common divisor of 41 and 71053.
41
Calculate the highest common factor of 65671 and 17.
17
Calculate the highest common divisor of 560 and 5840.
80
Calculate the highest common divisor of 1353 and 106518.
123
Calculate the highest common factor of 240035 and 1220.
305
Calculate the highest common divisor of 185133 and 195.
39
Calculate the greatest common divisor of 8012732 and 26.
26
Calculate the greatest common factor of 17 and 51187.
17
What is the greatest common factor of 413 and 8743?
7
Calculate the greatest common factor of 3210 and 270.
30
What is the highest common divisor of 65 and 109512?
13
What is the highest common factor of 899 and 2139?
31
What is the highest common divisor of 9 and 61392?
3
What is the highest common divisor of 344 and 101976?
8
What is the highest common divisor of 20953 and 1817?
23
Calculate the greatest common divisor of 4881 and 1545.
3
What is the highest common divisor of 47995 and 2465?
145
Calculate the highest common factor of 12319 and 5432.
97
Calculate the highest common factor of 948 and 4266.
474
Calculate the highest common factor of 117564 and 808.
404
What is the greatest common divisor of 90519 and 3861?
429
What is the highest common factor of 13 and 3852758?
13
What is the greatest common factor of 1148 and 29356?
164
Calculate the highest common factor of 28 and 11896.
4
What is the highest common factor of 8196 and 792?
12
Calculate the greatest common divisor of 195 and 63440.
65
What is the greatest common factor of 3178 and 350?
14
Calculate the highest common divisor of 1755 and 43560.
45
What is the greatest common factor of 12 and 121560?
12
What is the highest common divisor of 1160 and 6047370?
290
What is the highest common divisor of 1620 and 100?
20
What is the greatest common divisor of 3052 and 3850?
14
Calculate the highest common divisor of 64 and 550832.
16
Calculate the greatest common divisor of 948 and 5748.
12
Calculate the greatest common factor of 950 and 1771370.
190
What is the greatest common divisor of 222110 and 1120?
70
Calculate the greatest common factor of 3227 and 5516.
7
Calculate the highest common factor of 3392 and 128.
64
Calculate the greatest common factor of 538 and 21251.
269
Calculate the highest common divisor of 556145 and 20.
5
What is the greatest common divisor of 70 and 175?
35
Calculate the highest common factor of 89859 a